 i(k) + 6*m(k). Determine v(5).
-7
Let j(g) = -35 - 37 - 34 + g + 99. What is j(5)?
-2
Let m(c) be the first derivative of c**3/3 + 5*c**2/2 - 6*c + 1. Let n(u) = 10*u + 4*u**2 + 2*u**2 + 6 - 4*u**2 - 3*u**2. Let g be n(11). Determine m(g).
-6
Let k(b) = -b**2 - b - 1. Let m(n) = -2*n**2 - n - 2. Let j(c) = 7*k(c) - 4*m(c). Give j(2).
-1
Let q(j) = -10*j**2 + 1. Let h be (8/(-6))/(4/(-6)). Let p = 14 + -15. Let g = h + p. What is q(g)?
-9
Let j = -4 + 9. Let y(g) = -6*g**2 - 46*g - 1. Let n(q) = q**2 + 9*q. Let h(a) = 11*n(a) + 2*y(a). Calculate h(j).
8
Let c(d) = 2*d**2 - d - 2. Let q = 108 - 106. What is c(q)?
4
Let c(b) be the second derivative of b**3/2 + b**2/2 + 28*b + 1. What is c(2)?
7
Let r(x) = -x**3 + 8*x**2 - 5*x - 6. Let p(z) = -z**2 + 1. Let v(c) = -3*p(c) - r(c). Let j(b) = 2*b - 6. Let y be j(5). What is v(y)?
7
Suppose r - 3*g = 6, -4*g = -3*r + r + 4. Let w(h) = 3*h + 9. Calculate w(r).
-9
Let y(j) = -j + 6. Suppose 18 + 2 = -5*p, -5*g = -p - 39. Determine y(g).
-1
Let s = 39 + -37. Let q(t) = 2*t - 1. Determine q(s).
3
Let d(u) = u**3 - 3*u - 1. Let t(b) = -b. Let i(c) = -d(c) + 4*t(c). Let j(f) = -f**3 - 6*f**2 - 6*f - 3. Let o be j(-5). Let h be (-2)/(-1)*o/4. What is i(h)?
-1
Let y(t) be the first derivative of -2/3*t**3 + t**2 + 4 + t. Calculate y(2).
-3
Let v(s) = 5*s**2 + 12*s - 2. Let o(l) = 14*l**2 + 35*l - 6. Let r(z) = -6*o(z) + 17*v(z). Let w(u) = -u + 2. Let i be w(-2). Calculate r(i).
-6
Let i(c) = -2*c + 1. Let f be 3/12 - 391/(-4). Suppose 0 = -2*p - 3*m + 43, 5*p = m + m + f. Suppose -p = 5*y, -t + 5*y + 35 = 4*t. Determine i(t).
-5
Let l(n) be the first derivative of -2/3*n**3 - 1/12*n**4 + 3 + n - 3/2*n**2. Let o(r) be the first derivative of l(r). What is o(-4)?
-3
Let i(q) = q + 9. Let y be i(-7). Let m be y/(-3)*6/(-2). Let j(a) = -a**2 - a + 2. Calculate j(m).
-4
Let c = 6 + -3. Let u be (c/12)/(1/(-4)). Let q(i) = 5. Let l(d) = -d + 1. Let s(k) = -5*l(k) + q(k). What is s(u)?
-5
Suppose 0*p = -2*p - 4. Let a be 0 + p*4/8. Let j(n) = -9*n**3 + n + 1. Give j(a).
9
Let f(k) be the first derivative of 5*k**2/2 - k + 1. Suppose 2*v + 4 = u - 2, -3*v - 31 = 4*u. Let x = u - -3. Give f(x).
-6
Let q(f) = -f**2 - 5*f - 3. Let d be q(-6). Let v = d + 6. Let b(t) = -3*t - 2. Determine b(v).
7
Let s(y) = -y**2 - 2*y + 6. Let l(g) = g**2 + g - 5. Let o(n) = 6*l(n) + 5*s(n). Let j(w) = 2*w**3 - 4*w**2 + 2 + 2*w - 2. Let r be j(2). Give o(r).
0
Suppose 5*i - 50 = -0*i. Suppose -3*w - 1 + i = 3*f, 3*f - 11 = -w. Let d(m) = 2*m + 2. What is d(f)?
10
Let w(d) = d**2 + 8*d + 8. Let s be w(-7). Let t be -2 - s/(-2)*4. Let q(n) = 4 - n + 1 - 3. What is q(t)?
2
Let r(g) be the third derivative of 3*g**2 + 0 + 0*g**3 + 1/24*g**4 + 0*g. Calculate r(-4).
-4
Let c(l) = -6*l**3 - 7*l**2 - 6*l - 15. Let p(d) = 5*d**3 + 7*d**2 + 5*d + 14. Let k(y) = -4*c(y) - 5*p(y). What is k(-7)?
-3
Let k(y) = -y**3 + 6*y**2 + 2*y - 5. Let a(s) = -s**3 - 2*s**2 + s. Suppose 2*p = 4*l + 14, -l = -p - 0 + 2. Let r be a(p). Give k(r).
7
Let m(i) be the third derivative of i**5/60 - i**4/4 + 4*i**3/3 + 3*i**2. What is m(6)?
8
Let j(x) = -x + 33*x**2 - 4*x - 34*x**2 - 3 + 0. Give j(-3).
3
Suppose 5*p = -0*p - 15. Let l = 2 + p. Let h = 3 + l. Let i(a) = -4*a + 2. What is i(h)?
-6
Let i = -21 - -25. Suppose 5*f = i*j + 10, 0*j = 5*f - 2*j. Let r(b) = -b**3 + 2*b**2 + 2*b - 2. What is r(f)?
10
Let v(r) = -3*r - 1. Let n be 0 - 3 - 3*-4. Let f(c) be the second derivative of 11*c**3/6 + 5*c**2/2 - c. Let g(b) = n*v(b) + 2*f(b). Calculate g(-1).
6
Let d(i) be the second derivative of i**5/20 - 2*i**4/3 + i**3/3 - 5*i**2 - 31*i. Determine d(8).
6
Let l(f) = -f**3 - 4*f**2 + 2*f - 2. Suppose -7*r - 52 = 6*r. Determine l(r).
-10
Let u(s) = -s + 10. Let c = -10 + 18. Give u(c).
2
Let p be (4 - 2 - 3)/(-1). Let d(v) be the second derivative of v**5/10 + v**4/12 + 4*v. What is d(p)?
3
Let u(c) = -4*c + 3. Let z(t) = -t**2 + 3*t - 2. Let s(o) = 3*u(o) + 4*z(o). Give s(1).
-3
Let o(m) = 7*m**3 + m**2 + 3*m - 1. Let n(k) = 3*k**3 + k**2 + 2*k. Let t(j) = -5*n(j) + 2*o(j). Calculate t(-2).
2
Let z(v) = -12 - 10*v + v**2 + 6*v + 3 + 10*v. Give z(-7).
-2
Let t(w) = -w**3 - w**2 + w + 2. Suppose -5*a + 8*a - 12 = 0. Let i = -3 + a. Let q be (i/2)/((-2)/8). Give t(q).
4
Let b(a) = a**2 - 12*a - 2. Let h(x) = -6*x**2 - x. Let p be h(1). Let v(i) = -i**2 + 11*i + 2. Let q(r) = p*v(r) - 6*b(r). What is q(6)?
4
Let x(z) = -z - 2. Let k be -8 - 0 - (0 + -2). What is x(k)?
4
Let y = 13 + -13. Let m = y - -2. Let z(c) = c**2 - 2. Give z(m).
2
Let c(d) = 3*d + 3. Let l be c(3). Let j be (-2 - -1) + l/3. Let p(g) = g**3 - 4*g**2 + 2*g - 2. What is p(j)?
-5
Let m(u) = u**3 - 18*u**2 - u + 19. Let j be m(18). Suppose -8 = -w - j. Let a(b) = -b**2 + 5*b + 7. Give a(w).
-7
Let x(n) be the third derivative of 0 + n**2 - 1/12*n**4 - 1/6*n**3 + 1/12*n**5 - 1/120*n**6 + 0*n. Suppose -3*a + 8 = 5*o, -6*a + 2*a = -o + 20. Give x(o).
7
Let s = 7 - 11. Let b(y) = -y**3 + 3*y**2 + 7*y + 4. Let z(v) = -6*v**3 + 14*v**2 + 36*v + 20. Let k(n) = -11*b(n) + 2*z(n). What is k(s)?
0
Let z(m) = -m**2 - 63 + 67 - m + 3*m. Give z(5).
-11
Let s be 238/(-21) - 2/3. Let i be s/20 - 44/10. Let y(d) = -d - 6. Give y(i).
-1
Let l(c) = c**3 - 5*c**2 - 3. Let q = 10 + -5. What is l(q)?
-3
Let u(j) = -3 + j + 10 + 7*j**2 - j**3 + 6*j + 2*j**3. Calculate u(-6).
1
Suppose -4*k + 316 = 64. Let t be 342/k + 6/(-14). Let i(w) = -w**3 + 6*w**2 - 6*w. Calculate i(t).
-5
Let i(y) = -y - 11. Let w be -4 - -5 - (1 + 0). Suppose -3*f = -w*f + 18. What is i(f)?
-5
Let i(n) = -103*n - 7*n**2 - 1 + 2 + 108*n. Let p(v) = -8*v**2 + 4*v + 1. Let a(h) = -2*i(h) + 3*p(h). Give a(-1).
-11
Let w(p) be the first derivative of p**2 + 8*p - 32. Determine w(-6).
-4
Let t(j) = 6*j**2 - 7*j**2 + 10*j**3 + 0 + 1 + 0. What is t(-1)?
-10
Let s(u) = -u**3 - 7*u**2 - 8*u - 3. Suppose 0 = 4*v - 3 + 11. Let t be -8 + 4 + 4/v. What is s(t)?
9
Let k(w) = -w**2 - 5*w + 1. Let t be k(-3). Let n = -2 + t. Let q(g) = 0*g + n*g + 4*g**3 - 1 - 7*g. Give q(-1).
-3
Let k(b) = 2*b - 7. Suppose -v + 3*x = -6, 2*v = -2*x + 2 + 10. Give k(v).
5
Let r(b) be the third derivative of -b**9/60480 - b**8/6720 + b**7/1260 + b**5/10 - 3*b**2. Let g(m) be the third derivative of r(m). Give g(-3).
-12
Let u(h) be the first derivative of h**3/3 + 2*h**2 + h - 3. Suppose -q = -6*q. Let z be q + (1 - 6) - 0. Calculate u(z).
6
Let j(h) = 9*h**2 - 3*h**2 - 3*h + 4 - 5*h**2. Let l(a) = a. Let v be l(4). What is j(v)?
8
Let d(u) = u**3 - 2*u**2 + 1. Let h be ((-4)/12)/(2/(-12)). Calculate d(h).
1
Let r(i) = -2*i + i**2 - 1 + 5*i**2 - 5*i**2. Let c(u) = u + 1. Let k be c(2). Determine r(k).
2
Let k = -3 + 0. Let i(a) = -a**3 - a**2. Let o(f) = -2*f**3 - 4*f**2 + 2*f + 3. Let d(z) = -i(z) + o(z). Give d(k).
-3
Let k(u) = 7*u + 3 + 7*u - 15*u. Give k(4).
-1
Let l(x) = -x**3 - 7*x**2 + 7*x - 6. Let t be l(-8). Let v(y) = y + y**t + 4*y + 6 + 0*y. Determine v(-5).
6
Let w(f) be the first derivative of 1/2*f**2 - 4*f + 1 + 1/3*f**3. Suppose -z + 3*s + 15 = -0*z, 0 = z + 3*s + 15. Calculate w(z).
-4
Suppose 5 = 3*t + f - 6*f, -2*t + 14 = 2*f. Suppose -3*l + 3*b = -15, -l - b + t*b = -8. Let q(k) = 7 - 13*k + 14*k - 3. What is q(l)?
8
Let n(a) = -9*a - 14. Let j be n(-2). Let t(k) = 5*k + 1. Let h = -7 - -1. Let q(x) = 6*x + 1. Let p(s) = h*q(s) + 7*t(s). Give p(j).
-3
Let y(c) = -11*c - 6. Let g be y(-10). Let i be g/18 + (-20)/(-90). Let p(d) = d**3 - 5*d**2 - 5*d + 1. What is p(i)?
7
Let g be 175/25*(1 + 0). Let t(z) = -z - 4. Give t(g).
-11
Let g(s) = 4*s**2 + s. Let v = -6 - -3. Let c be ((-2)/v)/((-6)/(-9)). Suppose c = -3*o + 4. Determine g(o).
5
Let h be (2 + -12)*12/(-24). Let q(b) = b**3 - 5*b**2 - 2*b + 3. What is q(h)?
-7
Suppose 0*n + n = 0. Let o(t) = -3*t - 8 + 0*t + 2*t. What is o(n)?
-8
Let n(u) = 5*u. Let f be -2 - (0/(-3) + 1). Calculate n(f).
-15
Let t(a) = -a + 10. Let i = -31 + 37. Determine t(i).
4
Suppose 37 = 4*d - 23. Let l be (d/(-6))/(1/2). Let g(c) = c**3 + 4*c**2 - 7*c. Determine g(l).
10
Let t(n) be the first derivative of -3*n**2/2 + 3*n + 1. What is t(-3)?
12
Let p = -8 - -6. Let a be (0 - -3) + p + 0. Let m(d) = 1 - 11*d + 4*d + 2*d. What is m(a)?
-4
Let b(g) = g**2 + 3*g - 2. Let h be -4*(2 + 6/(-4)). Let i be 3/h - 2/4. Let t be i - 6/(-3) 